j?
0
Suppose -c = -7*c + 132. Suppose 3*m - 22 = 62. Let z = m - c. What is the units digit of z?
6
Let a(i) = 42*i + 36. Let k(f) = -14*f - 12. Let z(y) = -3*a(y) - 10*k(y). Let c be z(-12). What is the units digit of (15/9 - 2)*c?
2
Let m = 0 - -3. Suppose -m*j + 96 - 27 = 0. What is the units digit of j?
3
What is the hundreds digit of -3 + (-16)/(-12) - (-128940)/63?
0
Let j be -6*14/(-8)*6. Let s = j - 27. What is the tens digit of s?
3
Suppose 2*g + 4*h - 100 = 0, -3*h - 53 = -4*g + 180. Let v = g - 45. What is the tens digit of v?
1
Let a = 3939 + -1339. What is the tens digit of a?
0
Let h be (4/(-6))/((-4)/42). Suppose 509 + 387 = h*j. What is the units digit of j?
8
Let k = 315 - -90. What is the hundreds digit of k?
4
Let b(r) = 17*r**2 + 3*r. Let w be b(2). What is the units digit of w/2 + 2 + (-9)/(-9)?
0
Suppose -2*m = 4*y - 8, -1 + 0 = y + 2*m. Suppose i - 3*g = -34, -y*i - 2*g - 3 - 99 = 0. Let u = i + 58. What is the tens digit of u?
2
Suppose 0 = -3*k - 0*j - j + 10, -4*j - 20 = 0. Suppose k*l - 126 - 79 = 0. What is the tens digit of l?
4
Let u be (3/((-3)/2))/(2/(-4)). Suppose u*i = -2*v + 6*v - 300, 0 = v - 3*i - 73. What is the tens digit of v?
7
Suppose 4*f = -f + 30. Let t = f + -3. Suppose 2*r - 15 = t. What is the units digit of r?
9
Suppose -p = 8*p - 6363. What is the hundreds digit of p?
7
Suppose -22 = 3*s - 16. What is the units digit of (158/2 - s) + (-6 - -5)?
0
Let g(w) = -w**3 + 14*w**2 + 5*w - 2. What is the tens digit of g(6)?
1
Let j be 6/27 + 16/9. Let k be j*6/(-4) + 1. What is the tens digit of 35*((-34)/(-10) + k)?
4
Let l be (-5 - -2)*15/(-9). Suppose 0*m = 4*m + 4*a + 12, 43 = -l*m + 2*a. What is the units digit of 272/28 + (-2)/m?
0
Suppose 2*z - 244 = 4*y, 2*z - y - 369 + 119 = 0. Suppose -5*f + z = -54. Suppose f - 3 = v. What is the tens digit of v?
3
Suppose 0 = -2*h - 4*v + 470, -5*h + 6*h - 233 = -4*v. What is the tens digit of h?
3
Let l = 1264 - 891. What is the hundreds digit of l?
3
Let s(p) be the first derivative of 11*p**2/2 + 13*p + 12. What is the tens digit of s(5)?
6
Suppose -20 = y - 25. Suppose 3*d - 32 = -4*s + 10, -y*s = -4*d + 25. What is the tens digit of d?
1
Let l(q) = q**3 + 11*q**2 + 10*q - 4. Let g be l(-10). Let m be 150/g*(-6)/(-9). Let x = m - -43. What is the tens digit of x?
1
Let f(m) = -m**3 + 7*m**2 + 3*m - 16. Let j be f(7). Suppose 320 = 2*l + 4*y, -y = -3*l - j*y + 484. What is the hundreds digit of l?
1
What is the units digit of 2/5 + ((-16596)/(-20))/3?
7
Suppose 155 = -9*g + 14*g. What is the units digit of g?
1
Let t = 80 - 19. Let s be (-9)/(-6)*12/9. Suppose s*l + 5 - t = 0. What is the units digit of l?
8
Suppose 2*d - 1689 - 781 = 0. What is the thousands digit of d?
1
Let j(f) = -47*f - 22. Let y be j(-11). Suppose y = 18*o - 15*o. What is the units digit of o?
5
Suppose 0 = 3*o - 282 + 111. Suppose -39 = -3*y - 4*j, 5*y - 4*j - o = -8*j. What is the units digit of y?
9
Let l(a) = -2*a**2 + 9*a + 8. Let k be l(5). Suppose y = -5, v + k = -y - 0*y. What is the tens digit of 1736/40 + v/(-5)?
4
Let h(j) = -33*j + 82. What is the hundreds digit of h(-18)?
6
Suppose -3*t + 3*y = -4*t + 16, 0 = -2*t - 4*y + 40. Let r be (-1278)/(-14) - 8/t. Suppose 4*f = -4*j + 92, -4*j + r = -4*f - 9. What is the tens digit of j?
2
Let h = 42 - -16. Let l = h + -41. What is the units digit of (l/3 - 1)*6?
8
Let m = 788 - -2015. What is the tens digit of m?
0
Suppose 1 = g, 3*x + 6 = -g - 2*g. Let a be (x/1)/((-6)/(-64)). Let d = 80 + a. What is the units digit of d?
8
Let j = 845 - 365. What is the tens digit of j?
8
Let s = 67 - -103. Suppose 18*y - 23*y + s = 0. What is the units digit of y?
4
Let r(a) = -63*a + 5. What is the tens digit of r(-8)?
0
Let f(l) = -l**2 + 8*l - 12. Let q be f(4). Suppose -5*t + q*n = -874, 2*n = -3*t + 355 + 187. What is the tens digit of t?
7
What is the units digit of ((-237)/1)/((-80)/400)?
5
Suppose -4*p + 20 = 52. Let j = p - -24. What is the units digit of j?
6
Suppose 4*p + 0*p + 4*g = -4, 4*g + 1 = -5*p. Suppose 52 = p*f - f. What is the tens digit of f?
2
Let o(m) = -m**2 + 1. Let i(s) = -5*s**2 + 4*s - 10. Let g(t) = i(t) - 6*o(t). Let x be g(-7). What is the units digit of ((-10)/x)/(2/(-15))?
5
Let a(q) = 4*q**2 - 21*q - 26. What is the units digit of a(15)?
9
Let k be (-1)/(4/114)*-4. Let n be -16 + 15 + 12/3. Suppose -k = l - n*l. What is the units digit of l?
7
What is the units digit of (-6)/4 + (109005/6)/13?
6
What is the units digit of (-1)/(2/2) + (-10 - -1770)?
9
Let a be (-2)/5 - 96/(-40). Suppose -8*w = -6*w + a. Let c = 43 - w. What is the tens digit of c?
4
Let j = 253 + 104. What is the tens digit of j?
5
Let z(m) = 78*m + 25. What is the units digit of z(5)?
5
Let h = 3644 + 1537. What is the hundreds digit of h?
1
Suppose 5*d - 4312 = 13*d. Let y = -273 - d. What is the units digit of y?
6
Let c be (-8)/2 + 2 + 307 + 3. Suppose 0 = 4*v - 0*v - c. What is the units digit of v?
7
Suppose -5*k + 2926 + 1929 = 0. What is the hundreds digit of k?
9
Suppose 0 = 4*l + 35 - 235. Let y = -30 + l. Suppose 0*w - w + 4*j + y = 0, 3*w - 2*j = 40. What is the units digit of w?
2
Let a be (41 + -8)*(16/6 + -2). Suppose 0 = -24*o + a*o + 388. What is the hundreds digit of o?
1
Let c = 49 - 46. Suppose 5*b + 2*l = 236 - 82, 93 = c*b + l. What is the units digit of b?
2
Let m(q) = 60*q - 13. Let g be m(3). Let b = g + -35. What is the hundreds digit of b?
1
Suppose -4*x + 98 = -y + 384, -2*x = 0. What is the hundreds digit of y?
2
What is the tens digit of (-15)/(-12)*20 + 1?
2
Let a(x) = x + 2. Let t be a(1). What is the tens digit of ((-35)/10)/(65/22 - t)?
7
Let v(u) = -u - 2. Let j = 29 - 40. Let o = j + 4. What is the units digit of v(o)?
5
What is the hundreds digit of -21*(-9 + -2) - 0?
2
Suppose 2*u - 4*u = 6. Let o = -56 - -58. What is the units digit of (u/o)/3*-2?
1
Suppose 6*n = -6 - 12. What is the hundreds digit of 6/(-117)*n - 7042/(-26)?
2
Suppose 100*q - 101*q = -551. What is the tens digit of q?
5
Suppose -4*q = -d - 31 - 59, -5*q = 0. What is the units digit of d/12*(-8)/2?
0
Let z(b) be the second derivative of b**4/12 + b**3/2 - b**2/2 + 2*b. Suppose 27 = -3*p + 9. What is the tens digit of z(p)?
1
Suppose 4*g = -2*s + 2 - 0, -5*s = -g - 49. Suppose -3*y + s = 3. What is the tens digit of y/(4/(-4)) + 25?
2
Suppose 18*q + 16850 = 28*q. What is the thousands digit of q?
1
Let h be (180/75)/((-6)/(-20)). Let o = h + -6. Suppose 2*j + i = 107, 3*i - 105 = -o*j - 0*j. What is the units digit of j?
4
Suppose 0 = 5*z - 2*k + 97, -5*z - 4*k + 42 = -7*z. Let d(f) = -11*f - 15. What is the hundreds digit of d(z)?
1
Let d(g) = 9*g - 4*g + 3*g - g**2 + 256 - 259 + g**3. What is the tens digit of d(3)?
3
Let z be 5*((-44)/(-20) + -1). Suppose 0*s = s - z. What is the units digit of s?
6
Suppose 0 = 4*f - 16*f + 5268. What is the units digit of f?
9
Let m = 17 - -149. What is the tens digit of m?
6
Suppose 28*r - 19*r = 8415. What is the units digit of r?
5
Let w = -1555 + 2573. What is the hundreds digit of w?
0
What is the hundreds digit of 6/3*(92 - 15)?
1
Let o(a) = -4*a**3 - 5*a**2 + 13*a + 3. What is the units digit of o(-6)?
9
Suppose 3*o - 348 = -0*o. What is the units digit of o?
6
Let i be ((-88)/(-66))/(4/(-30)). Let t = 7 - i. What is the tens digit of t?
1
Let l be (-2 + 1)/((-6)/60). Suppose x - l = -2. Suppose 4*c + 0 = x. What is the units digit of c?
2
Let q = 93 - 203. Let n = q + 49. What is the tens digit of 15/(-5) - n - 4?
5
Let x(j) = 64*j + 8. Let r be x(3). Suppose -v + r = 64. What is the tens digit of v?
3
Suppose -419 = -7*a + 6574. What is the units digit of a?
9
Suppose 17*a - 5313 = 14866. What is the thousands digit of a?
1
Let a = 772 - 242. What is the units digit of a?
0
Let l be 4 + (1 - -7 - -1). Let i(c) = c + l + 5*c + 0*c. What is the units digit of i(6)?
9
Suppose 3*s - 2*v - 13 = 0, 1 = -4*s - 5*v + 49. Let r be 1/(-3) - (-254)/6. What is the units digit of (60/r)/(1/s)?
0
Suppose 7512 = 4*a + 4*x, -2*a + 7*x - 2*x + 3728 = 0. What is the thousands digit of a?
1
Suppose 31245 = 29*t - 75. What is the units digit of t?
0
Suppose -4*i + 6*i = 4. Let v(n) = 7*n + 22 + 2*n**2 + 6*n + 0*n**i - 14. What is the units digit of v(-8)?
2
Suppose -3 = -r - 1. Suppose 2*z - 4*h = 8, 0 = -